{"id":736,"date":"2020-04-05T15:52:36","date_gmt":"2020-04-05T15:52:36","guid":{"rendered":"https:\/\/umweltkids-bb.de\/?page_id=736"},"modified":"2020-04-10T07:35:13","modified_gmt":"2020-04-10T07:35:13","slug":"ueber-uns","status":"publish","type":"page","link":"https:\/\/umweltkids-bb.de\/?page_id=736","title":{"rendered":"\u00dcber uns"},"content":{"rendered":"\n<p>Wir sind eine Umweltgruppe aus Hohen Neuendorf und engagieren uns f\u00fcr den Naturschutz.<\/p>\n\n\n\n<p>Im Dezember 2018 haben wir (ein Freund, mein Bruder und ich) die Umweltkids Berlin-Brandenburg<br>(<a href=\"https:\/\/umweltkids-bb.de\">https:\/\/umweltkids-bb.de<\/a>) gegr\u00fcndet. Seit dem treffen wir uns regelm\u00e4\u00dfig am ersten Samstag im Monat und machen verschiedene Naturschutz-Aktionen.<\/p>\n\n\n\n<p><strong>Wer sind die Umweltkids?<\/strong><\/p>\n\n\n\n<p><span style=\"text-decoration: underline;\">Maike<\/span><\/p>\n\n\n\n<p>Hallo, ich bin Maike. Ich bin 15 Jahre alt und besuche das Marie-Curie-Gymnasium in Hohen Neuendorf. Ich liebe die Natur und m\u00f6chte die Umwelt sch\u00fctzen. Deshalb bin ich seit 2015 Botschafterin f\u00fcr Plant-for-the-Planet und seit Januar 2019 Mitglied bei den Umweltkids. Wenn euch die Umwelt auch so wichtig ist, dann helft uns bei unseren Aktionen. Ich freue mich auf euch.<\/p>\n\n\n\n<p><span style=\"text-decoration: underline;\">Jasper<\/span><\/p>\n\n\n\n<p>Ich bin Jasper, 8 Jahre und ich klettere sehr gerne.  Ich bin auch bei der Kinderfeuerwehr und interessiere mich f\u00fcr Tiere und die Natur.<\/p>\n\n\n\n<p><span style=\"text-decoration: underline;\">Yannic<\/span><\/p>\n\n\n\n<p>Ich bin Yannic, 12 Jahre und meine Hobbys sind Basketball, Tischtennis und meine Leidenschaften sind Umweltschutz, Imkern und Tauchen. Seit 2018 bin ich auch Botschafter bei Plant-for-the-Planet.<\/p>\n\n\n\n<p><strong>Was machen wir?<\/strong><\/p>\n\n\n\n<p>Wir gehen gemeinsam in den W\u00e4ldern von Hohen Neuendorf M\u00fcll sammeln,&nbsp; bauen Nistk\u00e4sten und Nisthilfen f\u00fcr Insekten, stellen im Winter Vogelfutter f\u00fcr die V\u00f6gel her, pflegen unsere eigenen Wildbiene, Schokoladen-verkostungen und -verkauf der \u201eGuten Schokolade\u201c und pflanzen B\u00e4ume.<\/p>\n\n\n\n<p><strong>Wer sind unsere Unterst\u00fctzer?<\/strong><\/p>\n\n\n\n<p>Unsere Unterst\u00fctzer sind die Stadt Hohen Neuendorf, die Unternehmensgemeinschaft Hohen Neuendorf und die Schutzgemeinschaft Deutscher Wald Oberhavel.<\/p>\n\n\n\n<p><strong>Wo findet ihr uns?<\/strong><\/p>\n\n\n\n<p>Ihr k\u00f6nnt uns gerne eine E-Mail schreiben oder ihr kommt zu unseren Treffen. Die Termine findet ihr auf unserer Seite.<\/p>\n\n\n\n<p>Wenn ihr euch auch f\u00fcr den Naturschutz interessiert und mitmachen m\u00f6chtet, dann kommt zu unseren Treffen oder schreibt uns einfach.<\/p>\n\n\n\n<p><\/p>\n","protected":false},"excerpt":{"rendered":"<p>Wir sind eine Umweltgruppe aus Hohen Neuendorf und engagieren uns f\u00fcr den Naturschutz. Im Dezember 2018 haben wir (ein Freund, mein Bruder und ich) die Umweltkids Berlin-Brandenburg(https:\/\/umweltkids-bb.de) gegr\u00fcndet. Seit dem treffen wir uns regelm\u00e4\u00dfig am ersten Samstag im Monat und machen verschiedene Naturschutz-Aktionen. Wer sind die Umweltkids? Maike Hallo, ich bin Maike. Ich bin 15 [&hellip;]<\/p>\n","protected":false},"author":1,"featured_media":0,"parent":0,"menu_order":0,"comment_status":"closed","ping_status":"closed","template":"","meta":{"footnotes":""},"class_list":["post-736","page","type-page","status-publish","hentry"],"jetpack_shortlink":"https:\/\/wp.me\/PaIICq-bS","jetpack-related-posts":[],"jetpack_sharing_enabled":true,"_links":{"self":[{"href":"https:\/\/umweltkids-bb.de\/index.php?rest_route=\/wp\/v2\/pages\/736"}],"collection":[{"href":"https:\/\/umweltkids-bb.de\/index.php?rest_route=\/wp\/v2\/pages"}],"about":[{"href":"https:\/\/umweltkids-bb.de\/index.php?rest_route=\/wp\/v2\/types\/page"}],"author":[{"embeddable":true,"href":"https:\/\/umweltkids-bb.de\/index.php?rest_route=\/wp\/v2\/users\/1"}],"replies":[{"embeddable":true,"href":"https:\/\/umweltkids-bb.de\/index.php?rest_route=%2Fwp%2Fv2%2Fcomments&post=736"}],"version-history":[{"count":9,"href":"https:\/\/umweltkids-bb.de\/index.php?rest_route=\/wp\/v2\/pages\/736\/revisions"}],"predecessor-version":[{"id":748,"href":"https:\/\/umweltkids-bb.de\/index.php?rest_route=\/wp\/v2\/pages\/736\/revisions\/748"}],"wp:attachment":[{"href":"https:\/\/umweltkids-bb.de\/index.php?rest_route=%2Fwp%2Fv2%2Fmedia&parent=736"}],"curies":[{"name":"wp","href":"https:\/\/api.w.org\/{rel}","templated":true}]}}

Über uns

<p>Wir sind eine Umweltgruppe aus Hohen Neuendorf und engagieren uns für den Naturschutz.</p>



<p>Im Dezember 2018 haben wir (ein Freund, mein Bruder und ich) die Umweltkids Berlin-Brandenburg<br>(<a href="https://umweltkids-bb.de">https://umweltkids-bb.de</a>) gegründet. Seit dem treffen wir uns regelmäßig am ersten Samstag im Monat und machen verschiedene Naturschutz-Aktionen.</p>



<p><strong>Wer sind die Umweltkids?</strong></p>



<p><span style="text-decoration: underline;">Maike</span></p>



<p>Hallo, ich bin Maike. Ich bin 15 Jahre alt und besuche das Marie-Curie-Gymnasium in Hohen Neuendorf. Ich liebe die Natur und möchte die Umwelt schützen. Deshalb bin ich seit 2015 Botschafterin für Plant-for-the-Planet und seit Januar 2019 Mitglied bei den Umweltkids. Wenn euch die Umwelt auch so wichtig ist, dann helft uns bei unseren Aktionen. Ich freue mich auf euch.</p>



<p><span style="text-decoration: underline;">Jasper</span></p>



<p>Ich bin Jasper, 8 Jahre und ich klettere sehr gerne.  Ich bin auch bei der Kinderfeuerwehr und interessiere mich für Tiere und die Natur.</p>



<p><span style="text-decoration: underline;">Yannic</span></p>



<p>Ich bin Yannic, 12 Jahre und meine Hobbys sind Basketball, Tischtennis und meine Leidenschaften sind Umweltschutz, Imkern und Tauchen. Seit 2018 bin ich auch Botschafter bei Plant-for-the-Planet.</p>



<p><strong>Was machen wir?</strong></p>



<p>Wir gehen gemeinsam in den Wäldern von Hohen Neuendorf Müll sammeln,&nbsp; bauen Nistkästen und Nisthilfen für Insekten, stellen im Winter Vogelfutter für die Vögel her, pflegen unsere eigenen Wildbiene, Schokoladen-verkostungen und -verkauf der „Guten Schokolade“ und pflanzen Bäume.</p>



<p><strong>Wer sind unsere Unterstützer?</strong></p>



<p>Unsere Unterstützer sind die Stadt Hohen Neuendorf, die Unternehmensgemeinschaft Hohen Neuendorf und die Schutzgemeinschaft Deutscher Wald Oberhavel.</p>



<p><strong>Wo findet ihr uns?</strong></p>



<p>Ihr könnt uns gerne eine E-Mail schreiben oder ihr kommt zu unseren Treffen. Die Termine findet ihr auf unserer Seite.</p>



<p>Wenn ihr euch auch für den Naturschutz interessiert und mitmachen möchtet, dann kommt zu unseren Treffen oder schreibt uns einfach.</p>



<p></p>

<p>Wir sind eine Umweltgruppe aus Hohen Neuendorf und engagieren uns für den Naturschutz. Im Dezember 2018 haben wir (ein Freund, mein Bruder und ich) die Umweltkids Berlin-Brandenburg(https://umweltkids-bb.de) gegründet. Seit dem treffen wir uns regelmäßig am ersten Samstag im Monat und machen verschiedene Naturschutz-Aktionen. Wer sind die Umweltkids? Maike Hallo, ich bin Maike. Ich bin 15 [&hellip;]</p>
